{"id":904,"date":"2025-06-04T15:00:35","date_gmt":"2025-06-04T21:00:35","guid":{"rendered":"https:\/\/seagreen-leopard-924083.hostingersite.com\/abogados\/?page_id=904"},"modified":"2025-06-04T15:00:35","modified_gmt":"2025-06-04T21:00:35","slug":"solicitud-enviada","status":"publish","type":"page","link":"https:\/\/hominidabogados.com\/abogados\/solicitud-enviada\/","title":{"rendered":"Solicitud enviada"},"content":{"rendered":"<p>[et_pb_section fb_built=&#8221;1&#8243; theme_builder_area=&#8221;post_content&#8221; _builder_version=&#8221;4.27.0&#8243; _module_preset=&#8221;default&#8221; min_height=&#8221;100vh&#8221; custom_css_main_element=&#8221;display: flex;&#8221; hover_enabled=&#8221;0&#8243; sticky_enabled=&#8221;0&#8243; title_text=&#8221;2818&#8243; background_image=&#8221;https:\/\/seagreen-leopard-924083.hostingersite.com\/empresarial\/wp-content\/uploads\/sites\/3\/2025\/06\/2818.webp&#8221; locked=&#8221;off&#8221;][et_pb_row _builder_version=&#8221;4.27.0&#8243; _module_preset=&#8221;default&#8221; theme_builder_area=&#8221;post_content&#8221; max_width=&#8221;71%&#8221; hover_enabled=&#8221;0&#8243; sticky_enabled=&#8221;0&#8243; global_colors_info=&#8221;{%22gcid-body-color%22:%91%22background_color%22%93}&#8221; background_color=&#8221;gcid-body-color&#8221; custom_padding=&#8221;5vw|30px|5vw|30px|true|true&#8221; custom_padding_last_edited=&#8221;on|desktop&#8221; custom_padding_tablet=&#8221;75px||75px||true|true&#8221; border_radii=&#8221;on|15px|15px|15px|15px&#8221; max_width_last_edited=&#8221;on|tablet&#8221; max_width_tablet=&#8221;80%&#8221; custom_padding_phone=&#8221;75px||75px||true|true&#8221; max_width_phone=&#8221;80%&#8221;][et_pb_column _builder_version=&#8221;4.27.0&#8243; _module_preset=&#8221;default&#8221; type=&#8221;4_4&#8243; theme_builder_area=&#8221;post_content&#8221;][et_pb_image src=&#8221;https:\/\/seagreen-leopard-924083.hostingersite.com\/abogados\/wp-content\/uploads\/sites\/2\/2025\/06\/2819.svg&#8221; _builder_version=&#8221;4.27.0&#8243; _module_preset=&#8221;default&#8221; theme_builder_area=&#8221;post_content&#8221; title_text=&#8221;2819&#8243; align=&#8221;center&#8221; width=&#8221;4.7vw&#8221; width_last_edited=&#8221;on|tablet&#8221; hover_enabled=&#8221;0&#8243; sticky_enabled=&#8221;0&#8243; width_tablet=&#8221;65px&#8221; width_phone=&#8221;65px&#8221;][\/et_pb_image][et_pb_heading title=&#8221;Tu informaci\u00f3n fue enviada&#8221; _builder_version=&#8221;4.27.0&#8243; _module_preset=&#8221;default&#8221; theme_builder_area=&#8221;post_content&#8221; title_text_align=&#8221;center&#8221; title_text_color=&#8221;#FFFFFF&#8221; hover_enabled=&#8221;0&#8243; sticky_enabled=&#8221;0&#8243;][\/et_pb_heading][et_pb_text _builder_version=&#8221;4.27.0&#8243; _module_preset=&#8221;default&#8221; theme_builder_area=&#8221;post_content&#8221; text_orientation=&#8221;center&#8221; background_layout=&#8221;dark&#8221; hover_enabled=&#8221;0&#8243; sticky_enabled=&#8221;0&#8243;]<\/p>\n<p>Pronto uno de nuestros asesores se pondr\u00e1 en contacto contigo para brindarte m\u00e1s informaci\u00f3n<\/p>\n<p>[\/et_pb_text][et_pb_button button_url=&#8221;@ET-DC@eyJkeW5hbWljIjp0cnVlLCJjb250ZW50IjoiaG9tZV91cmwiLCJzZXR0aW5ncyI6e319@&#8221; button_text=&#8221;REGRESAR AL INICIO&#8221; button_alignment_tablet=&#8221;left&#8221; button_alignment_phone=&#8221;left&#8221; button_alignment_last_edited=&#8221;off|desktop&#8221; _builder_version=&#8221;4.27.0&#8243; _dynamic_attributes=&#8221;button_url&#8221; _module_preset=&#8221;default&#8221; custom_button=&#8221;on&#8221; button_text_size=&#8221;1.05vw&#8221; button_text_color=&#8221;gcid-body-color&#8221; button_bg_color=&#8221;gcid-ac70666f-55b5-40ba-9769-7510e61f6804&#8243; button_border_width=&#8221;1px&#8221; button_border_color=&#8221;gcid-ac70666f-55b5-40ba-9769-7510e61f6804&#8243; button_border_radius=&#8221;50px&#8221; button_use_icon=&#8221;off&#8221; custom_padding=&#8221;1.1vw|2vw|0.9vw|2vw|false|true&#8221; custom_padding_tablet=&#8221;18px|30px|14px|30px|false|true&#8221; custom_padding_phone=&#8221;18px|30px|14px|30px|false|true&#8221; custom_padding_last_edited=&#8221;on|phone&#8221; hover_enabled=&#8221;0&#8243; button_text_size_tablet=&#8221;16px&#8221; button_text_size_phone=&#8221;16px&#8221; button_text_size_last_edited=&#8221;on|tablet&#8221; locked=&#8221;off&#8221; global_colors_info=&#8221;{%22gcid-ac70666f-55b5-40ba-9769-7510e61f6804%22:%91%22button_bg_color%22,%22button_border_color%22%93,%22gcid-body-color%22:%91%22button_text_color%22%93}&#8221; theme_builder_area=&#8221;post_content&#8221; sticky_enabled=&#8221;0&#8243; button_alignment=&#8221;center&#8221;][\/et_pb_button][\/et_pb_column][\/et_pb_row][\/et_pb_section]<\/p>\n","protected":false},"excerpt":{"rendered":"<p>Pronto uno de nuestros asesores se pondr\u00e1 en contacto contigo para brindarte m\u00e1s informaci\u00f3n<\/p>\n","protected":false},"author":2,"featured_media":0,"parent":0,"menu_order":0,"comment_status":"closed","ping_status":"closed","template":"page-template-blank.php","meta":{"_et_pb_use_builder":"on","_et_pb_old_content":"","_et_gb_content_width":"","footnotes":""},"difl_page_category":[],"class_list":["post-904","page","type-page","status-publish","hentry"],"yoast_head":"<!-- This site is optimized with the Yoast SEO plugin v27.4 - https:\/\/yoast.com\/product\/yoast-seo-wordpress\/ -->\n<title>Solicitud enviada - Hominid Abogados<\/title>\n<meta name=\"robots\" content=\"index, follow, max-snippet:-1, max-image-preview:large, max-video-preview:-1\" \/>\n<link rel=\"canonical\" href=\"https:\/\/hominidabogados.com\/abogados\/solicitud-enviada\/\" \/>\n<meta property=\"og:locale\" content=\"es_MX\" \/>\n<meta property=\"og:type\" content=\"article\" \/>\n<meta property=\"og:title\" content=\"Solicitud enviada - Hominid Abogados\" \/>\n<meta property=\"og:description\" content=\"Pronto uno de nuestros asesores se pondr\u00e1 en contacto contigo para brindarte m\u00e1s informaci\u00f3n\" \/>\n<meta property=\"og:url\" content=\"https:\/\/hominidabogados.com\/abogados\/solicitud-enviada\/\" \/>\n<meta property=\"og:site_name\" content=\"Hominid Abogados\" \/>\n<meta name=\"twitter:card\" content=\"summary_large_image\" \/>\n<script type=\"application\/ld+json\" class=\"yoast-schema-graph\">{\"@context\":\"https:\\\/\\\/schema.org\",\"@graph\":[{\"@type\":\"WebPage\",\"@id\":\"https:\\\/\\\/hominidabogados.com\\\/abogados\\\/solicitud-enviada\\\/\",\"url\":\"https:\\\/\\\/hominidabogados.com\\\/abogados\\\/solicitud-enviada\\\/\",\"name\":\"Solicitud enviada - Hominid Abogados\",\"isPartOf\":{\"@id\":\"https:\\\/\\\/hominidabogados.com\\\/abogados\\\/#website\"},\"datePublished\":\"2025-06-04T21:00:35+00:00\",\"breadcrumb\":{\"@id\":\"https:\\\/\\\/hominidabogados.com\\\/abogados\\\/solicitud-enviada\\\/#breadcrumb\"},\"inLanguage\":\"es\",\"potentialAction\":[{\"@type\":\"ReadAction\",\"target\":[\"https:\\\/\\\/hominidabogados.com\\\/abogados\\\/solicitud-enviada\\\/\"]}]},{\"@type\":\"BreadcrumbList\",\"@id\":\"https:\\\/\\\/hominidabogados.com\\\/abogados\\\/solicitud-enviada\\\/#breadcrumb\",\"itemListElement\":[{\"@type\":\"ListItem\",\"position\":1,\"name\":\"Home\",\"item\":\"https:\\\/\\\/hominidabogados.com\\\/abogados\\\/\"},{\"@type\":\"ListItem\",\"position\":2,\"name\":\"Solicitud enviada\"}]},{\"@type\":\"WebSite\",\"@id\":\"https:\\\/\\\/hominidabogados.com\\\/abogados\\\/#website\",\"url\":\"https:\\\/\\\/hominidabogados.com\\\/abogados\\\/\",\"name\":\"Hominid Abogados\",\"description\":\"Tan grandes como nuestros clientes\",\"potentialAction\":[{\"@type\":\"SearchAction\",\"target\":{\"@type\":\"EntryPoint\",\"urlTemplate\":\"https:\\\/\\\/hominidabogados.com\\\/abogados\\\/?s={search_term_string}\"},\"query-input\":{\"@type\":\"PropertyValueSpecification\",\"valueRequired\":true,\"valueName\":\"search_term_string\"}}],\"inLanguage\":\"es\"}]}<\/script>\n<!-- \/ Yoast SEO plugin. -->","yoast_head_json":{"title":"Solicitud enviada - Hominid Abogados","robots":{"index":"index","follow":"follow","max-snippet":"max-snippet:-1","max-image-preview":"max-image-preview:large","max-video-preview":"max-video-preview:-1"},"canonical":"https:\/\/hominidabogados.com\/abogados\/solicitud-enviada\/","og_locale":"es_MX","og_type":"article","og_title":"Solicitud enviada - Hominid Abogados","og_description":"Pronto uno de nuestros asesores se pondr\u00e1 en contacto contigo para brindarte m\u00e1s informaci\u00f3n","og_url":"https:\/\/hominidabogados.com\/abogados\/solicitud-enviada\/","og_site_name":"Hominid Abogados","twitter_card":"summary_large_image","schema":{"@context":"https:\/\/schema.org","@graph":[{"@type":"WebPage","@id":"https:\/\/hominidabogados.com\/abogados\/solicitud-enviada\/","url":"https:\/\/hominidabogados.com\/abogados\/solicitud-enviada\/","name":"Solicitud enviada - Hominid Abogados","isPartOf":{"@id":"https:\/\/hominidabogados.com\/abogados\/#website"},"datePublished":"2025-06-04T21:00:35+00:00","breadcrumb":{"@id":"https:\/\/hominidabogados.com\/abogados\/solicitud-enviada\/#breadcrumb"},"inLanguage":"es","potentialAction":[{"@type":"ReadAction","target":["https:\/\/hominidabogados.com\/abogados\/solicitud-enviada\/"]}]},{"@type":"BreadcrumbList","@id":"https:\/\/hominidabogados.com\/abogados\/solicitud-enviada\/#breadcrumb","itemListElement":[{"@type":"ListItem","position":1,"name":"Home","item":"https:\/\/hominidabogados.com\/abogados\/"},{"@type":"ListItem","position":2,"name":"Solicitud enviada"}]},{"@type":"WebSite","@id":"https:\/\/hominidabogados.com\/abogados\/#website","url":"https:\/\/hominidabogados.com\/abogados\/","name":"Hominid Abogados","description":"Tan grandes como nuestros clientes","potentialAction":[{"@type":"SearchAction","target":{"@type":"EntryPoint","urlTemplate":"https:\/\/hominidabogados.com\/abogados\/?s={search_term_string}"},"query-input":{"@type":"PropertyValueSpecification","valueRequired":true,"valueName":"search_term_string"}}],"inLanguage":"es"}]}},"_links":{"self":[{"href":"https:\/\/hominidabogados.com\/abogados\/wp-json\/wp\/v2\/pages\/904","targetHints":{"allow":["GET"]}}],"collection":[{"href":"https:\/\/hominidabogados.com\/abogados\/wp-json\/wp\/v2\/pages"}],"about":[{"href":"https:\/\/hominidabogados.com\/abogados\/wp-json\/wp\/v2\/types\/page"}],"author":[{"embeddable":true,"href":"https:\/\/hominidabogados.com\/abogados\/wp-json\/wp\/v2\/users\/2"}],"replies":[{"embeddable":true,"href":"https:\/\/hominidabogados.com\/abogados\/wp-json\/wp\/v2\/comments?post=904"}],"version-history":[{"count":4,"href":"https:\/\/hominidabogados.com\/abogados\/wp-json\/wp\/v2\/pages\/904\/revisions"}],"predecessor-version":[{"id":909,"href":"https:\/\/hominidabogados.com\/abogados\/wp-json\/wp\/v2\/pages\/904\/revisions\/909"}],"wp:attachment":[{"href":"https:\/\/hominidabogados.com\/abogados\/wp-json\/wp\/v2\/media?parent=904"}],"wp:term":[{"taxonomy":"difl_page_category","embeddable":true,"href":"https:\/\/hominidabogados.com\/abogados\/wp-json\/wp\/v2\/difl_page_category?post=904"}],"curies":[{"name":"wp","href":"https:\/\/api.w.org\/{rel}","templated":true}]}}